{"id":231,"date":"2013-09-23T05:02:26","date_gmt":"2013-09-23T05:02:26","guid":{"rendered":"http:\/\/haun-media.de\/wordpress\/?page_id=231"},"modified":"2018-10-14T22:13:10","modified_gmt":"2018-10-14T20:13:10","slug":"231-2","status":"publish","type":"page","link":"https:\/\/www.haun-media.de\/fotoblog\/231-2\/","title":{"rendered":"About"},"content":{"rendered":"<p>Ralf Haun<br \/>\nWuppertal<br \/>\nanaloge Fotografie<br \/>\nB&amp;W<br \/>\nStadt \/ Egalh\u00e4user \/ Stra\u00dfe<br \/>\nFarbfotos ohne Sonnenunterg\u00e4nge<br \/>\nNegativentwicklung<br \/>\nPortraits<br \/>\ngrob<br \/>\nhandvergr\u00f6\u00dfert<\/p>\n<div id=\"attachment_4623\" style=\"width: 250px\" class=\"wp-caption alignnone\"><img loading=\"lazy\" decoding=\"async\" aria-describedby=\"caption-attachment-4623\" class=\"wp-image-4623 size-full\" src=\"https:\/\/www.haun-media.de\/fotoblog\/wp-content\/uploads\/2013\/09\/raumx.jpg\" alt=\"raumx\" width=\"240\" height=\"240\" srcset=\"https:\/\/www.haun-media.de\/fotoblog\/wp-content\/uploads\/2013\/09\/raumx.jpg 240w, https:\/\/www.haun-media.de\/fotoblog\/wp-content\/uploads\/2013\/09\/raumx-150x150.jpg 150w\" sizes=\"auto, (max-width: 240px) 100vw, 240px\" \/><p id=\"caption-attachment-4623\" class=\"wp-caption-text\">Fotolabor \/ RaumX<\/p><\/div>\n<p><span style=\"color: #808080;\"><span style=\"color: #000000;\">1976<\/span> NRW Jugendfotowettbewerb, dritter Platz :-)<\/span><br \/>\n<span style=\"color: #808080;\"><span style=\"color: #000000;\">2014<\/span> Peter Paulus \u2013 amphora | eine Fotoarbeit f\u00fcr das Amphora-Buch<\/span><br \/>\n<span style=\"color: #808080;\"><span style=\"color: #000000;\">2015<\/span> Rahmenlos | eine Clubnacht als Kunst-Happening. Rahmenlose Fotos im Eingangsbereich KULT<\/span><br \/>\n<span style=\"color: #808080;\"><span style=\"color: #000000;\">2015<\/span> \u201a543 M OFFEN\u2018 | Neuer Kunstverein Wuppertal. Eine Fotoarbeit Dokumentation<\/span><br \/>\n<span style=\"color: #808080;\"><span style=\"color: #000000;\">2015<\/span> vierw\u00f6chige fotografische Dokumentation \u00fcber das gemeinsame Schaffen von Gregor Eisenmann und Frank Breidenbruch<\/span><br \/>\n<span style=\"color: #808080;\"><span style=\"color: #000000;\">2015<\/span> Teilnahme an der Vernissage Im Drehkreuz der Begegnung als begleitende Fotodokumentation in Wuppertal<\/span><br \/>\n<span style=\"color: #808080;\"><span style=\"color: #000000;\">2015<\/span> Ausstellung 11 Meerbilder | Riedel Kantine Wuppertal<\/span><br \/>\n<span style=\"color: #808080;\"><span style=\"color: #000000;\">2016<\/span> Einzelausstellung Stadt 3.9 \u2013 8.10.2016 Kunststation Vohwinkel \/ Wuppertal<\/span><br \/>\n<span style=\"color: #808080;\"><span style=\"color: #000000;\">2017<\/span> Wohnungsaustellung Stadt, Natur + R\u00f8dbyhavn 23.09 zu Hause \/ Wuppertal<\/span><br \/>\n<span style=\"color: #808080;\"><span style=\"color: #000000;\">2017<\/span> Umzug Fotolabor in die alte Polizeiwache \/ Wuppertal<\/span><br \/>\n<span style=\"color: #808080;\"><span style=\"color: #000000;\">2017<\/span> ab Dezember biete ich wieder folgende Kurse in Wuppertal an<\/span><br \/>\n<span style=\"color: #808080;\">Negativentwicklung \/ Dosenentwicklung + vergr\u00f6\u00dfern auf Fotopapier in der Dunkelkammer<\/span><br \/>\n2017 <span style=\"color: #808080;\">Umzug Fotolabor in die alte Polizeiwache \/ Wuppertal<\/span><br \/>\n<span style=\"color: #808080;\"><span style=\"color: #000000;\">2018<\/span> Portraitfotografie f\u00fcr Andreas Stock<\/span><br \/>\n<span style=\"color: #808080;\"><span style=\"color: #000000;\">2018<\/span> Katalog S T A D T 001 \u2013 133 \/ 2016 \u2013 18<\/span><br \/>\n<span style=\"color: #808080;\"><span style=\"color: #000000;\">2018<\/span> sieben Wochen Fotografie + Blog-Projekt auf Fej\u00f8 (D\u00e4nemark)<br \/>\n<\/span>seit 1998 <span style=\"color: #808080;\">unregelm\u00e4\u00dfige (fotografische) Kurzaufenthalte in R\u00f8dbyhavn<\/span><\/p>\n<p>\u2014 Ralf Haun | 42107 Wuppertal | info @ ralfhaun.de<\/p>\n<div id=\"cscf\" class=\"cscfBlock\">\n    <div class=\"cscfMessageSent\" style=\"display:none;\" role=\"status\" aria-live=\"polite\">\n\t\t<h3>Nachricht gesendet<\/h3>\n<p>Danke f\u00fcr Ihre Nachricht. <\/p>    <\/div>\n    <div class=\"cscfMessageNotSent\" style=\"display:none;\" role=\"alert\" aria-live=\"assertive\">\n\t\t<p>\n    Entschuldigung, es ist ein Fehler aufgetreten und die Nachricht wurde nicht gesendet.<\/p>\n    <\/div>\n    <div class=\"cscfForm\">\n        <p>Bitte geben Sie Ihre Kontaktdaten und Ihre Nachricht unten ein.<\/p>\n\n        <form role=\"form\" id=\"frmCSCF\" name=\"frmCSCF\" method=\"post\" novalidate>\n\t\t\t<input type=\"hidden\" id=\"cscf_nonce\" name=\"cscf_nonce\" value=\"f49f82ec1f\" \/><input type=\"hidden\" name=\"_wp_http_referer\" value=\"\/fotoblog\/wp-json\/wp\/v2\/pages\/231\" \/>            <input type=\"hidden\" name=\"post-id\" value=\"231\">\n\n\t\t\t\n            <!-- name -->\n            <div class=\"control-group form-group\">\n                <label for=\"cscf_name\">Name:<\/label>\n\n\n                <div class=\"\">\n\t\t\t\t\t                    <input class=\"form-control input-xlarge\"\n                           data-rule-required=\"true\"\n                           data-msg-required=\"Bitte gib deinen Namen ein.\"\n                           type=\"text\" id=\"cscf_name\" name=\"cscf[name]\"\n                           value=\"\"\n                           placeholder=\"Dein Name\"\n                           autocomplete=\"name\"\n                           aria-required=\"true\"\n                           aria-describedby=\"cscf_name_error\"\n                                               \/>\n                <\/div>\n                <span id=\"cscf_name_error\" class=\"help-inline help-block error\"\n                      style=\"display:none;\"\n                      role=\"alert\">\n                                    <\/span>\n            <\/div>\n\n\n            <!--email address-->\n            <div class=\"control-group form-group\">\n                <label for=\"cscf_email\">E-Mail-Adresse:<\/label>\n\n                <div class=\"\">\n\t\t\t\t\t                    <input class=\"form-control input-xlarge\"\n                           data-rule-required=\"true\"\n                           data-rule-email=\"true\"\n                           data-msg-required=\"Bitte gib deine E-Mail-Adresse ein.\"\n                           data-msg-email=\"Bitte gib eine g\u00fcltige E-Mail-Adresse ein.\"\n                           type=\"email\" id=\"cscf_email\" name=\"cscf[email]\"\n                           value=\"\"\n                           placeholder=\"Deine E-Mail-Adresse\"\n                           autocomplete=\"email\"\n                           aria-required=\"true\"\n                           aria-describedby=\"cscf_email_error\"\n                                               \/>\n                <\/div>\n                <span id=\"cscf_email_error\" class=\"help-inline help-block error\"\n                      style=\"display:none;\"\n                      role=\"alert\">\n                                    <\/span>\n            <\/div>\n\n\t\t\t                <!--confirm email address -->\n                <div class=\"control-group form-group\">\n                    <label for=\"cscf_confirm-email\">E-Mail-Adresse best\u00e4tigen:<\/label>\n                    <div class=\"\">\n\t\t\t\t\t\t                        <input class=\"form-control input-xlarge\"\n                               data-rule-required=\"true\"\n                               data-rule-email=\"true\"\n                               data-rule-equalTo=\"#cscf_email\"\n                               data-msg-required=\"Bitte gib deine E-Mail-Adresse erneut ein.\"\n                               data-msg-email=\"Bitte gib eine g\u00fcltige E-Mail-Adresse ein.\"\n                               data-msg-equalTo=\"Bitte gib deine E-Mail-Adresse erneut ein.\"\n                               type=\"email\" id=\"cscf_confirm-email\" name=\"cscf[confirm-email]\"\n                               value=\"\"\n                               placeholder=\"Best\u00e4tige deine E-Mail-Adresse\"\n                               autocomplete=\"email\"\n                               aria-required=\"true\"\n                               aria-describedby=\"cscf_confirm-email_error\"\n                                                       \/>\n                    <\/div>\n                    <span id=\"cscf_confirm-email_error\" class=\"help-inline help-block error\"\n                          style=\"display:none;\"\n                          role=\"alert\">\n                                    <\/span>\n                <\/div>\n\t\t\t\n\t\t\t\n\n            <!-- message -->\n            <div class=\"control-group form-group\">\n                <label for=\"cscf_message\">Nachricht:<\/label>\n                <div class=\"\">\n\t\t\t\t\t                    <textarea class=\"form-control input-xlarge\"\n                              data-rule-required=\"true\"\n                              data-msg-required=\"Bitte gib eine Nachricht ein.\"\n                              id=\"cscf_message\" name=\"cscf[message]\" rows=\"10\"\n                              placeholder=\"Deine Nachricht\"\n                              aria-required=\"true\"\n                              aria-describedby=\"cscf_message_error\"\n                              ><\/textarea>\n                <\/div>\n\n                <span id=\"cscf_message_error\" class=\"help-inline help-block error\"\n                      style=\"display:none;\"\n                      role=\"alert\">\n                                    <\/span>\n            <\/div>\n\n\t\t\t\n\n\n\t\t\t\n            <!-- recaptcha -->\n\t\t\t            <input type=\"submit\" id=\"cscf_SubmitButton\" class=\"btn btn-default\"\n                   value=\"Nachricht senden\"\/>\n        <\/form>\n    <\/div>\n<\/div>\n","protected":false},"excerpt":{"rendered":"<p>Ralf Haun Wuppertal analoge Fotografie B&amp;W Stadt \/ Egalh\u00e4user \/ Stra\u00dfe Farbfotos ohne Sonnenunterg\u00e4nge Negativentwicklung Portraits grob handvergr\u00f6\u00dfert 1976 NRW Jugendfotowettbewerb, dritter Platz :-) 2014 Peter Paulus \u2013 amphora | eine Fotoarbeit f\u00fcr das Amphora-Buch 2015 Rahmenlos | eine Clubnacht<span class=\"ellipsis\">&hellip;<\/span><\/p>\n<div class=\"read-more\"><a href=\"https:\/\/www.haun-media.de\/fotoblog\/231-2\/\">Weiterlesen \u203a<\/a><\/div>\n<p><!-- end of .read-more --><\/p>\n","protected":false},"author":2,"featured_media":0,"parent":0,"menu_order":0,"comment_status":"closed","ping_status":"closed","template":"","meta":{"footnotes":""},"class_list":["post-231","page","type-page","status-publish","hentry"],"_links":{"self":[{"href":"https:\/\/www.haun-media.de\/fotoblog\/wp-json\/wp\/v2\/pages\/231","targetHints":{"allow":["GET"]}}],"collection":[{"href":"https:\/\/www.haun-media.de\/fotoblog\/wp-json\/wp\/v2\/pages"}],"about":[{"href":"https:\/\/www.haun-media.de\/fotoblog\/wp-json\/wp\/v2\/types\/page"}],"author":[{"embeddable":true,"href":"https:\/\/www.haun-media.de\/fotoblog\/wp-json\/wp\/v2\/users\/2"}],"replies":[{"embeddable":true,"href":"https:\/\/www.haun-media.de\/fotoblog\/wp-json\/wp\/v2\/comments?post=231"}],"version-history":[{"count":31,"href":"https:\/\/www.haun-media.de\/fotoblog\/wp-json\/wp\/v2\/pages\/231\/revisions"}],"predecessor-version":[{"id":7153,"href":"https:\/\/www.haun-media.de\/fotoblog\/wp-json\/wp\/v2\/pages\/231\/revisions\/7153"}],"wp:attachment":[{"href":"https:\/\/www.haun-media.de\/fotoblog\/wp-json\/wp\/v2\/media?parent=231"}],"curies":[{"name":"wp","href":"https:\/\/api.w.org\/{rel}","templated":true}]}}